Is 20954 composite?
True
Is 147919 a prime number?
True
Is 5981 prime?
True
Is 118705 a prime number?
False
Is 7421439 a prime number?
False
Is 96353 prime?
True
Is 47711 composite?
False
Is 1382 a composite number?
True
Is 2539 a composite number?
False
Is 237563 a prime number?
True
Is 164701 a composite number?
False
Is 81331 prime?
True
Is 191099 composite?
False
Is 3907 prime?
True
Is 13799 a prime number?
True
Is 56227 composite?
True
Is 594857 a composite number?
False
Is 55109 prime?
True
Is 3862 a prime number?
False
Is 29947 a composite number?
False
Is 29443 prime?
True
Is 20783 a prime number?
False
Is 1883 prime?
False
Is 748513 composite?
False
Is 2809 prime?
False
Is 144539 a prime number?
True
Is 466601 a prime number?
False
Is 276197 a composite number?
True
Is 5501 prime?
True
Is 18757 a prime number?
True
Is 45941 prime?
False
Is 25153 a composite number?
False
Is 314903 composite?
False
Is 150063 a composite number?
True
Is 1813169 a prime number?
False
Is 71867 composite?
False
Is 2785 prime?
False
Is 7121 prime?
True
Is 54101 prime?
True
Is 3967 a prime number?
True
Is 85265 composite?
True
Is 2218751 a composite number?
False
Is 414157 a prime number?
True
Is 588277 composite?
False
Is 38953 a prime number?
True
Is 467098 prime?
False
Is 535 composite?
True
Is 16787 prime?
True
Is 18973 a prime number?
True
Is 557 prime?
True
Is 86035 prime?
False
Is 440431 composite?
False
Is 6509 prime?
False
Is 571469 prime?
False
Is 7039 a composite number?
False
Is 127 prime?
True
Is 454726 a prime number?
False
Is 865 a prime number?
False
Is 8257 composite?
True
Is 14837 composite?
True
Is 4835 composite?
True
Is 11113 prime?
True
Is 18269 a prime number?
True
Is 131611 a composite number?
False
Is 117853 a prime number?
False
Is 1425007 composite?
False
Is 28043 composite?
True
Is 714485 composite?
True
Is 299197 composite?
False
Is 336481 a composite number?
True
Is 1434723 a prime number?
False
Is 1693 composite?
False
Is 605923 a composite number?
True
Is 922451 prime?
True
Is 234277 a prime number?
False
Is 65497 a prime number?
True
Is 141257 a composite number?
False
Is 23 a composite number?
False
Is 3511 a composite number?
False
Is 992261 composite?
True
Is 289631 a composite number?
True
Is 591083 a composite number?
True
Is 130631 a composite number?
False
Is 3120803 prime?
False
Is 198889 a prime number?
False
Is 311813 a composite number?
True
Is 107641 composite?
False
Is 4711 prime?
False
Is 20789 a composite number?
False
Is 249253 a prime number?
True
Is 80897 prime?
True
Is 15187 prime?
True
Is 1212469 a prime number?
False
Is 28957 composite?
True
Is 9871 prime?
True
Is 31199 composite?
True
Is 95531 a prime number?
True
Is 244837 a prime number?
True
Is 500861 composite?
False
Is 520819 a composite number?
True
Is 187106 a composite number?
True
Is 29773 prime?
False
Is 3661285 a composite number?
True
Is 22757 composite?
True
Is 161947 composite?
False
Is 13994 a prime number?
False
Is 5147 prime?
True
Is 68959 composite?
True
Is 115865 a composite number?
True
Is 36889 a composite number?
True
Is 301109 a composite number?
True
Is 138707 a composite number?
True
Is 7993 a prime number?
True
Is 21457 a composite number?
True
Is 281051 prime?
False
Is 13267 composite?
False
Is 202 prime?
False
Is 1623 composite?
True
Is 71113 prime?
False
Is 239 a composite number?
False
Is 7897 a composite number?
True
Is 96598 a composite number?
True
Is 206021 composite?
False
Is 516899 a composite number?
True
Is 128697 a composite number?
True
Is 1543 a composite number?
False
Is 1195 a prime number?
False
Is 548083 a composite number?
False
Is 2721 a composite number?
True
Is 48131 a prime number?
True
Is 47543 a prime number?
True
Is 19645 a prime number?
False
Is 51163 a prime number?
False
Is 1219 prime?
False
Is 195539 prime?
True
Is 110221 a composite number?
False
Is 129031 a composite number?
True
Is 850991 a prime number?
False
Is 161 a composite number?
True
Is 17377 a prime number?
True
Is 4279 a prime number?
False
Is 3641 prime?
False
Is 116026 composite?
True
Is 58202 prime?
False
Is 18137 composite?
True
Is 76085 a composite number?
True
Is 470779 a composite number?
False
Is 7247 prime?
True
Is 58361 composite?
True
Is 232567 a composite number?
False
Is 31747 composite?
True
Is 1139 a prime number?
False
Is 24933 a composite number?
True
Is 26479 prime?
True
Is 209861 prime?
True
Is 35591 prime?
True
Is 52707 a composite number?
True
Is 62807 prime?
False
Is 586 a composite number?
True
Is 32066 a prime number?
False
Is 1439 prime?
True
Is 355277 composite?
True
Is 24061 a composite number?
False
Is 223282 prime?
False
Is 12197 prime?
True
Is 326 a composite number?
True
Is 50889 prime?
False
Is 38009 composite?
True
Is 317153 a prime number?
False
Is 73669 composite?
True
Is 698917 a composite number?
True
Is 234163 a prime number?
False
Is 12197 composite?
False
Is 2118641 a composite number?
True
Is 1399 a composite number?
False
Is 7477 a composite number?
False
Is 14851 prime?
True
Is 1076639 a composite number?
False
Is 1862045 a composite number?
True
Is 1797407 a composite number?
False
Is 227869 composite?
False
Is 77417 a composite number?
False
Is 63197 composite?
False
Is 4909 a composite number?
False
Is 71629 a composite number?
True
Is 29813 prime?
False
Is 20219 composite?
False
Is 9617 prime?
False
Is 4201 a prime number?
True
Is 2153 prime?
True
Is 315407 a prime number?
True
Is 1397 a composite number?
True
Is 3017 prime?
False
Is 259 composite?
True
Is 872027 composite?
True
Is 6559 a prime number?
False
Is 14767 a prime number?
True
Is 12527 a prime number?
True
Is 20837 a prime number?
False
Is 724562 composite?
True
Is 136229 composite?
True
Is 10843 a composite number?
True
Is 92987 a prime number?
True
Is 17042 composite?
True
Is 35729 composite?
False
Is 1151 a composite number?
False
Is 524039 a composite number?
True
Is 28961 composite?
False
Is 4507 a prime number?
True
Is 13465 a composite number?
True
Is 528371 a prime number?
False
Is 4737 composite?
True
Is 63191 a composite number?
True
Is 509837 composite?
False
Is 135461 composite?
False
Is 7237 a prime number?
True
Is 882202 a composite number?
True
Is 76421 prime?
True
Is 89807 a composite number?
True
Is 2927 a prime number?
True
Is 10589 a composite number?
False
Is 3869 a prime number?
False
Is 20593 composite?
False
Is 312043 composite?
False
Is 554537 a prime number?
False
Is 15133 a prime number?
False
Is 120149 prime?
False
Is 37217 a composite number?
False
Is 52271 prime?
False
Is 364829 a composite number?
False
Is 4127 a composite number?
False
Is 29123 a composite number?
False
Is 41381 composite?
False
Is 327971 prime?
False
Is 45455 a composite number?
True
Is 1923 a composite number?
True
Is 45634 prime?
False
Is 3552463 prime?
True
Is 762041 a prime number?
False
Is 30367 a composite number?
False
Is 15571 prime?
False
Is 3187985 a prime number?
False
Is 15177 prime?
False
Is 22019 a prime number?
False
Is 20477 a prime number?
True
Is 618227 a prime number?
True
Is 48957 a composite number?
True
Is 34311 prime?
False
Is 3403 a prime number?
False
Is 503749 a composite number?
True
Is 12539 a composite number?
False
Is 1561 a composite number?
True
Is 91477 composite?
True
Is 1834721 a composite number?
True
Is 3943 a composite number?
False
Is 2218361 composite?
False
Is 19523 a prime number?
False
Is 2199 a composite number?
True
Is 83659 prime?
False
Is 24014 a prime number?
False
Is 47237 prime?
True
Is 2333 composite?
False
Is 39079 prime?
True
Is 11665 composite?
True
Is 3899 a composite number?
True
Is 61129 a prime number?
True
Is 3593 a prime number?
True
Is 11027 composite?
False
Is 6739 prime?
False
Is 130379 a composite number?
False
Is 19369 a composite number?
True
Is 1138 prime?
False
Is 1672126 a prime number?
False
Is 27338 prime?
False
Is 544741 composite?
True
Is 993793 a composite number?
False
Is 22846 a prime number?
False
Is 126393 prime?
False
Is 160829 a composite number?
False
Is 188963 a prime number?
False
Is 729749 a composite number?
False
Is 73517 a prime number?
True
Is 14081 composite?
False
Is 1861 a prime number?
True
Is 1452931 a composite number?
True
Is 60317 